) = 5*c**2 - 15*c + 19. Let l be z(-8). Let n(f) = 7*f**3 - 3*f + 1. Let j be n(2). Calculate the highest common divisor of l and j.
51
Let s be (2 - 0)*(-40)/(-5)*5. Let c be 4/(-10) + 324/10. Suppose -c = -d - 0*d. What is the greatest common factor of s and d?
16
Suppose 2*z = 0, 3*p - 40 = -5*z + 77. What is the highest common factor of p and 429?
39
Let n(x) = -34*x - 144. Let o be n(-10). Calculate the highest common divisor of 49 and o.
49
Let g(n) = 9*n**2 + 4*n + 71. Let o be g(-5). What is the highest common factor of o and 184?
92
Let s(t) = -t + 6. Let o be s(11). Let p(r) = r + 5. Let c be p(o). Suppose 5*a + 0*a - 250 = c. What is the greatest common factor of a and 10?
10
Let y(l) = -2*l**3 + 21*l**2 - 12*l + 35. Let f be y(10). Let n = 20 - f. Calculate the greatest common divisor of n and 25.
5
Suppose -5*z = -2*u + 25, -9*u + 14 = -5*u + 2*z. Calculate the greatest common divisor of 440 and u.
5
Let h(y) = 24*y - 38. Let o be h(7). Calculate the highest common divisor of o and 10.
10
Suppose 3*p - 92 = -5*r + 173, 4*r = -5*p + 225. Calculate the highest common divisor of 30 and r.
10
Let v(m) = -m**3 + 2*m**2 + 3*m - 2. Let x be v(3). Let j be ((-14)/21)/(x/30). Let b = -132 + 222. What is the highest common factor of j and b?
10
Let o = -101 + 146. Suppose -3*z + 0*z = -45. Calculate the highest common divisor of o and z.
15
Suppose -v - 3*t + 66 = -0*v, 5*t + 10 = 0. Suppose -4*s = -0*s + 28. Let r = 16 + s. Calculate the greatest common divisor of r and v.
9
Let p(d) be the second derivative of 19*d**4/6 - d**3/6 + d**2/2 - 4*d. Let g be p(-1). What is the greatest common factor of g and 16?
8
Suppose 0 = -5*h + 260 - 40. Suppose -4*o + 76 = -2*x, 3*o - 18 = 4*x + h. Calculate the greatest common divisor of o and 90.
18
Let i(o) = -8*o - 1. Let d be i(-3). Let q = -21 + d. Suppose z = 3*a - 0*a + 7, q*a = 3*z - 28. Calculate the highest common divisor of z and 80.
10
Let v be (-4)/(-8 + 4 + 2). Let q be -3 + -1 + 0 - -36. Calculate the highest common factor of v and q.
2
Let r be 4216/44 - (-5 - (-265)/55). What is the highest common divisor of 160 and r?
32
Let d be 0 + 4 - (2 - (1 + -1)). Suppose -a - 2*q = -122, -3*a + d*q + 3*q + 355 = 0. What is the greatest common divisor of a and 30?
30
Suppose -503 = 10*h - 3143. Calculate the highest common divisor of h and 16.
8
Suppose -s - 4*r = -1, 2 + 2 = 4*s - r. Let i = s - -30. Calculate the greatest common factor of i and 62.
31
Let k(f) = f**3 + 12*f**2 + 2*f - 21. Let b be k(-11). What is the greatest common divisor of 6 and b?
6
Suppose -y - 52 = -4*m, 2*m + 4*y - 16 = 7*y. What is the highest common divisor of 22 and m?
2
Let w = -486 + 585. What is the highest common divisor of 54 and w?
9
Suppose 20*o - 10200 = -30*o. Calculate the highest common divisor of o and 544.
68
Let p(a) = 6*a**2 + 10 - 6*a - 4*a**2 - a**2. Let b(q) = q**2 + 2*q - 8. Let z be b(-5). Let j be p(z). Calculate the greatest common factor of j and 119.
17
Let k be (-4 - -3) + 4*3. Let n(z) = 3*z**2 - 16*z - 19. Let y be n(k). What is the greatest common divisor of y and 21?
21
Let b = 19 + -17. Let m be (0 + -3)/(b/(-22)). Let w be 2 + (-11)/(m/(-54)). What is the highest common divisor of 2 and w?
2
Suppose -11485 = -5*p + 35*c - 38*c, -2*p = -2*c - 4578. What is the greatest common divisor of 74 and p?
74
Let b = -11 - -14. Suppose 2*k = 0, -b*n - 3*k + 44 = n. Let v(j) = j + 5. Let u be v(-4). What is the highest common factor of n and u?
1
Let j = -798 + 1214. Suppose 22*a + j = 26*a. Calculate the greatest common factor of a and 13.
13
Let x = 9441 + -9297. Let v = -12 - -30. What is the highest common divisor of x and v?
18
Suppose -180*i + 126 = -171*i. Calculate the greatest common divisor of i and 938.
14
Let k(s) = s**2 - 6*s - 48. Let c be k(13). What is the highest common divisor of c and 129?
43
Suppose -19*o + 17*o - 14 = 0. Let w be 2 + (2 - 2) + 38 + o. What is the highest common factor of 44 and w?
11
Suppose -4*p = -6*p + 16. Suppose 140 = -6*v - 34*v + 780. Calculate the greatest common divisor of v and p.
8
Suppose -23*l = -38*l + 450. What is the greatest common factor of l and 810?
30
Let q(f) = f**3 - 7*f**2 - 3*f + 27. Let i be q(9). What is the greatest common factor of i and 18?
18
Suppose 0 = 2*n - 4*y - 41 - 119, -5*y + 80 = n. What is the highest common factor of n and 16?
16
Suppose t - 2*v + 0 = 4, 0 = 4*t + 2*v + 4. Suppose t = -5*d + 4*d + 3. What is the highest common divisor of d and 21?
3
Let k(p) = -270 + 2*p - 3*p + 276. Let v be k(4). Let j(d) = -d**3 + 5*d**2 - d + 6. Let l be j(5). Calculate the highest common divisor of v and l.
1
Let a = 25 + -12. Suppose 9*h - 106 = 11. What is the greatest common divisor of h and a?
13
Suppose -3*a - 11 = -2*u - 0, -u + a + 6 = 0. Let w = u - -21. What is the greatest common factor of w and 252?
28
Suppose l - 3*q - 223 = 0, l - 175 - 43 = 2*q. Calculate the highest common factor of l and 26.
26
Let i be ((-1)/(-3))/((-1)/3). Let u = 3 - i. Suppose u*q = 3*k + 6 - 30, -4*k = q - 51. What is the highest common divisor of k and 30?
6
Suppose 5*c = 4*u + 2*c - 70, -5*c + 70 = 5*u. Calculate the highest common factor of u and 784.
16
Suppose -2*f + 26 = -2*w, 2*f - 6*w + w = 11. Suppose 4*a - f = 6. Let v(h) = h + 6. Let u be v(a). Calculate the greatest common divisor of 60 and u.
12
Suppose -190 + 575 = 5*r. Let o = -4 + -3. Let s be o/(-1)*(0 - -1). What is the greatest common factor of s and r?
7
Suppose -2*s = -5*f - 1, 2*s + 4*f = 4*s + 4. Let l be (s/7)/((-3)/42). What is the highest common divisor of 168 and l?
24
Let n be 0/(4*(-5)/(-10)). Suppose n = 10*d - 8*d - 128. Suppose 384 = 7*m - 3*m. What is the greatest common divisor of d and m?
32
Suppose -2*j - 11 = -2*i + 3*j, i + 3*j = 0. Suppose -5*p - u - u = -24, p + 2 = i*u. Calculate the greatest common divisor of 6 and p.
2
Let q(x) = -2*x**2 - 6*x - 5. Let d be q(-4). Let c = -7 - d. Let l(f) = f**2 + 2*f - 15. Let y be l(4). What is the highest common divisor of y and c?
3
Let d(f) = -27*f. Let u be d(-7). Let r = -199 - -138. Let y = 82 + r. Calculate the highest common divisor of u and y.
21
Let v(z) = -7*z + 1. Let c(s) = 3*s. Let t(r) = 11*c(r) + 6*v(r). Let w be t(-6). Let g = 2414 + -2324. What is the highest common divisor of g and w?
30
Let d(b) = -9*b - 39. Let f be d(-7). Suppose 0*o = 6*o - f. What is the greatest common factor of o and 6?
2
Suppose -2*g - 3*m + 118 = -2, -m - 317 = -5*g. Calculate the highest common factor of 45 and g.
9
Let n = 2553 + -1932. Calculate the highest common divisor of n and 54.
27
Suppose 0 = 3*z - 0*z - 126. Suppose 4*x - 102 = z. What is the greatest common divisor of x and 4?
4
Suppose -2*j - 3*y = -0*y + 30, -2*y = 2*j + 32. Let r be ((-50)/(-45))/5 + (-212)/j. Calculate the highest common divisor of 72 and r.
12
Let j(p) = 12*p**2 - 4*p + 4. Let r be j(2). Calculate the highest common factor of 110 and r.
22
Let w = 22 + -9. Suppose -4*a = 5*l - 8 - 9, -3*a + 4 = -5*l. Suppose -q + 3*r = -50 - 0, 0 = 3*q + a*r - 210. Calculate the greatest common factor of q and w.
13
Let y be 11*(-1 + 0)*2. Let q(a) = -a**2 - 20*a + 47. Let f be q(y). Calculate the greatest common factor of f and 6.
3
Let b = -8 - -10. Suppose -l = -b*l + 6. Suppose -a + l*a = 300. Calculate the greatest common divisor of 12 and a.
12
Suppose m - 4*m = -5*k - 80, 0 = 4*m - 5*k - 115. Let g be 4*5/10*m. What is the highest common factor of 28 and g?
14
Let u(v) = -v - 5. Suppose -z - 60 = 4*z. Let k be u(z). Suppose k*f = 12*f - 680. What is the greatest common divisor of f and 17?
17
Suppose -2*t + 1 = 2*n - 3, -1 = t + 4*n. What is the highest common divisor of t and 8?
1
Suppose 0 = 3*m - 5 - 1. Suppose m*l = -4*x + 3*x + 8, -4*x + 32 = 4*l. What is the highest common divisor of 96 and x?
8
Suppose 44172 = -3*y - 0*y. Let j be y/63 - (-2)/(-7). Let b be ((-2)/(-6))/((-6)/j). What is the highest common divisor of 13 and b?
13
Let m(d) = 6*d - 183. Let p be m(33). Calculate the highest common divisor of 95 and p.
5
Let c(l) = 3*l**2 - 4*l**2 - 2*l**2 + 6*l + 0 + 1 - l**3. Let q be 4*(0 - 10/8). Let i be c(q). Calculate the highest common divisor of 3 and i.
3
Suppose -5*f = -15 - 0. Let l = f + -5. Let o be -1*(4*14)/l. Calculate the hi